92 = 97. Calculate the remainder when 62 is divided by b.
8
Let t = -13 + 15. Suppose 242 = m + 5*j, -t*j - 186 = 3*m - 951. Suppose -2*f - 20*s + 140 = -22*s, s + 5 = 0. What is the remainder when m is divided by f?
62
Let o be (-40)/(-3)*(-210)/(-28). Calculate the remainder when 98 is divided by o/15*9/6.
8
Suppose 3*l = 2*l - 62. Let a = l - -81. Let x(v) = -12*v + 7. Calculate the remainder when x(-4) is divided by a.
17
Suppose -2876 = -66*c + 3064. Suppose 4*p - 75 = p. What is the remainder when c is divided by p?
15
Suppose -2*o = 2*o - 176. Suppose -3*m = -2*w + 291, -42*w + 3*m - 1119 = -50*w. Calculate the remainder when w is divided by o.
9
Let t = -8 - -29. Let m = -13 + t. What is the remainder when m is divided by (-3)/(-15) - 24/10*-2?
3
Let b(d) = -12*d**2 - 156*d - 29. What is the remainder when b(-12) is divided by 46?
23
Let j(z) = -77*z - 2433. Calculate the remainder when 7232 is divided by j(-33).
104
Let r(w) = 0*w**3 - 3*w**3 + 401 - 2*w + 5*w**3 - w**2 - w**2. What is the remainder when r(0) is divided by 15?
11
Suppose -101*v + 98*v = -546. What is the remainder when v is divided by 55?
17
Suppose -42*b + 132 = -38*b. Let o(d) = 2*d**2 + 6*d - 3. Let r be -4 - -1 - (3 + -1). What is the remainder when b is divided by o(r)?
16
Suppose -9*m - 6*h = -8*m - 60, -h + 7 = -2*h. Suppose 4*g - 10 = 62. What is the remainder when m is divided by g?
12
Let p(g) = g**3 + 5*g**2 - 8*g - 7. Let h be p(-6). Suppose 0 = y + y + h*u - 15, 4*y = -2*u + 22. Calculate the remainder when 20 is divided by y.
0
Let y(g) = 2*g**3 - 5*g**2 + 3*g - 1. Let p(m) = 11*m**2 - m - 1. Let k be p(-1). Let c = 14 - k. Calculate the remainder when y(c) is divided by 9.
8
Let h = -231 - -234. Suppose 0 = 5*l - 12*r + 11*r - 430, -h*l - r = -258. Calculate the remainder when l is divided by 15.
11
Let h(u) = u**2 - 243*u + 5697. Suppose 0 = -b + 20 + 8. Calculate the remainder when h(26) is divided by b.
27
Let b(y) = -y + 7. Let i be b(7). Let u be (-1 - -1 - -1)*(-40 + 45). Suppose -5*j + u + 375 = i. Calculate the remainder when j is divided by 20.
16
Suppose 1215*q = -4*u + 1211*q + 44, 5*q - 43 = -3*u. Calculate the remainder when 350 is divided by u.
2
Suppose -20 = -5*f + 135. Let j = f - 18. Suppose 0 = 4*z + y - 12, z - 2*y + 1 = j. What is the remainder when 7 is divided by z?
3
Let k = 12507 - 11303. Calculate the remainder when k is divided by 18.
16
Suppose -413 + 90 = -17*z. Suppose 6*h - z = 167. Calculate the remainder when (0 + -1)*(-180)/2 is divided by h.
28
Suppose 36*w - 31*w = 25, -5*n - 4*w + 65 = 0. What is the remainder when 1374 is divided by n?
6
Let x = -738 - -747. What is the remainder when 263 is divided by (4 + (-168)/x)/(12/(-18))?
21
Calculate the remainder when 228 is divided by 27742/130 - 14/10.
16
Suppose 0 = -23*x + 29*x + 60. Calculate the remainder when ((-2)/4)/((-1)/60) is divided by (x + 22)*(-2 - -3).
6
Suppose -18 + 9 = -3*i. Suppose o + 546 = i*o. Suppose 3*d - 163 = -2*s, s + 2*s - 5*d - o = 0. Calculate the remainder when s is divided by 22.
20
Calculate the remainder when (2/6)/((-10)/(-4530)) is divided by 34.
15
Suppose 381 - 45 = 8*u. Suppose 22 = -14*m + 15*m. Calculate the remainder when u is divided by m.
20
Let q = 98 + -37. Suppose q*t + 540 = 64*t. Calculate the remainder when t is divided by 14.
12
Suppose 11*p - 8*p = -2*d + 1480, -p - 760 = -d. What is the remainder when d is divided by 251?
250
Let o = -2 - -6. Calculate the remainder when o/34 + 16023/357 is divided by 30.
15
What is the remainder when 121 is divided by 1/(-5)*(-452 - -327)?
21
Suppose 0 = -3*y + y + 6. Suppose -100*b = -84*b - 1008. Calculate the remainder when b is divided by y.
0
Let q = -4846 - -4940. What is the remainder when 207 is divided by q?
19
Let j(s) = -s**2 + 9*s - 18. Let c be j(6). Let g(q) = -q**2 + q + 4. Let r be g(c). What is the remainder when (-1 - 8/r) + 15 is divided by 5?
2
Suppose -2*r - 2*c + 80 = 0, -206*r + 86 = -204*r + 4*c. What is the remainder when 549 is divided by r?
31
Let v = -8 - -20. Let k be 1368/5 - (-40)/100. Let d = k + -253. Calculate the remainder when d is divided by v.
9
Let x be 1/(1/7) + 3. Let z(v) = -v - 48. Let a(l) = -24. Let m(w) = 7*a(w) - 4*z(w). What is the remainder when m(x) is divided by 18?
10
Let y(s) = -277*s + 151. What is the remainder when y(-1) is divided by 48?
44
Suppose 3*u = 2*x + 12393, 4*u - 16524 = 15*x - 14*x. What is the remainder when u is divided by 94?
89
Suppose k + 0*k = -104. Let x = 185 + -73. Let a = k + x. What is the remainder when 17 is divided by a?
1
Suppose 61*g = 111*g - 63*g + 6266. Calculate the remainder when g is divided by 162.
158
What is the remainder when (-1)/(-1*(-1)/(-73)) is divided by 6*1*10/3?
13
Let n be 18*(-6)/(-12)*(0 - 6). Calculate the remainder when 64 is divided by (-2)/(12/n) + 2.
9
Let m = -3127 - -3594. What is the remainder when m is divided by 89?
22
Suppose 0*t - t = -12. Suppose 0*u + t = 3*u. Suppose -l - 474 = -5*p, 8034*p - 8035*p - 3*l = -82. What is the remainder when p is divided by u?
2
Let v(h) = h**3 + 37*h**2 + 163*h + 1079. What is the remainder when v(-33) is divided by 15?
11
Suppose 186*c - 181*c = -i - 6, -8*i - 84 = 4*c. Suppose d - 5*u = -3*d - 24, 2*d - 4*u = -18. What is the remainder when c is divided by -2*d/4*2?
0
Suppose m = -o + 57, m = -3 - 0. Calculate the remainder when -62*1/(-2)*(-3)/(-3) is divided by (-20)/o + 116/6.
12
Let z = -70 + 34. Let g be z/14*(-4 - 31). Suppose g = 5*v - l, 3*l = 3*v + l - 47. What is the remainder when 36 is divided by v?
17
What is the remainder when 238 is divided by 104 - -17 - ((-4 - -4) + 0)?
117
Let k be (22/(-44))/(2/(-204)). Suppose 26 = q - 328. What is the remainder when q is divided by (-4)/(-1) - (k - 64)?
14
Suppose 0 = 2*l - 6*l, -2*t - 3*l = -10. Let g be (1 + 0)*(t + -2). Suppose 0 = -g*z + 102 + 6. What is the remainder when z is divided by 22?
14
Let h(g) = 7*g**2 - 44*g - 292. Calculate the remainder when h(-10) is divided by 6.
2
Suppose -m + 4*a + 25 = -0*m, 4*m + a = 32. Let x = -840587 - -840646. Calculate the remainder when x is divided by m.
5
Let s = 10 - 8. Let p be 644/16 + (-5)/20 + s. What is the remainder when 77 is divided by 3*326/p + (-2)/7?
8
Suppose -281*s = 3*j - 283*s - 3306, -s = j - 1102. What is the remainder when j is divided by 141?
115
Let o(k) = -35*k - 10. Let i be o(-3). Suppose 0*n = 4*f + 4*n - 180, -2*f + i = n. What is the remainder when (-3 - 1)/((-20)/f) is divided by 4?
2
Let p = -1491 - -1521. Calculate the remainder when p is divided by -2 - 2 - (-1 - 22).
11
Let b(n) = 8*n - 1. Let u be b(6). Let o = u - 28. Calculate the remainder when (-2398)/(-33) + 2 + (-24)/9 is divided by o.
15
Let n = 118 + -74. Suppose 7*d = 34*d - 2970. What is the remainder when d is divided by n?
22
What is the remainder when (15/9 + -3)*-39 is divided by 8 - (-2 + 2 + -1)?
7
Let v = 250 - 178. Suppose 6*u = 38*u + 15*u - 940. Calculate the remainder when v is divided by u.
12
Let f(n) = -10*n - 7*n + 8 - 4*n + 5*n - n**2. Suppose -12*x + 15*x = 111. Calculate the remainder when f(-7) is divided by x.
34
Let f(m) = m**2 + 9*m - 261. Let w be ((-26)/4)/((-12)/24). Suppose -5*z = 2*u + 4 - 47, 4*u - z - 53 = 0. What is the remainder when f(w) is divided by u?
11
Suppose 0 = -31*o + 32*o - 4. Suppose 2 = o*s - 34. Suppose 7*r - 10*r + 201 = 0. Calculate the remainder when r is divided by s.
4
Let n be 0*1/2*-1. Let w = -1924 - -1928. Suppose -3*z + 15 = n, -3*g + w*z + 106 = -0*z. Calculate the remainder when g is divided by 15.
12
Let j = -1736 - -1766. Calculate the remainder when j is divided by 24.
6
Let q = 683 + -297. Let h = 409 - q. Let w(n) = n**2 + 7*n + 3. Calculate the remainder when w(-10) is divided by h.
10
Let g = -934 - -971. Suppose 3273 = g*r - 3646. What is the remainder when r is divided by 141/2*(-2)/(-3)?
46
Let q be 6/8 + (2 - (-2706)/8). Suppose 10*j - 1079 = q. What is the remainder when j is divided by 11?
10
Let j = -2445 - -2491. Let s = 64 + -36. Suppose 5*l - 24 = -2*f + 5*f, 4*l + 2*f = s. What is the remainder when j is divided by l?
4
Suppose -4*l - 5*k + 199 = 0, 2*k - 129 = -2*l - 29. Let v = -1546 - -1652. What is the remainder when v is divided by l?
4
Suppose -21*n = -132 